{"id":13,"date":"2016-11-11T16:23:32","date_gmt":"2016-11-11T16:23:32","guid":{"rendered":"http:\/\/werkstattambach.ch\/wordpress2\/?page_id=13"},"modified":"2024-03-13T20:19:45","modified_gmt":"2024-03-13T20:19:45","slug":"team","status":"publish","type":"page","link":"https:\/\/werkstattambach.ch\/wordpress2\/team\/","title":{"rendered":"\u00fcber mich"},"content":{"rendered":"\n<div class=\"wp-block-media-text is-stacked-on-mobile\"><figure class=\"wp-block-media-text__media\"><img decoding=\"async\" loading=\"lazy\" width=\"768\" height=\"1024\" src=\"https:\/\/werkstattambach.ch\/wordpress2\/wp-content\/uploads\/2024\/03\/marianne-768x1024.jpg\" alt=\"\" class=\"wp-image-811 size-full\" srcset=\"https:\/\/werkstattambach.ch\/wordpress2\/wp-content\/uploads\/2024\/03\/marianne-768x1024.jpg 768w, https:\/\/werkstattambach.ch\/wordpress2\/wp-content\/uploads\/2024\/03\/marianne-225x300.jpg 225w, https:\/\/werkstattambach.ch\/wordpress2\/wp-content\/uploads\/2024\/03\/marianne.jpg 886w\" sizes=\"(max-width: 768px) 100vw, 768px\" \/><\/figure><div class=\"wp-block-media-text__content\">\n<p> <style type=\"text\/css\">p { line-height: 115%; margin-bottom: 0.1in; background: transparent }<\/style><p style=\"font-weight: normal; line-height: 100%; margin-bottom: 0in\"><font face=\"Arial, sans-serif\"><strong>Marianne Zwygart-Niederhauser<\/strong><\/font><\/p><\/p>\n\n\n\n<p><p style=\"font-weight: normal; line-height: 100%; margin-bottom: 0in\"><font face=\"Arial, sans-serif\">Was will dein Herz? <\/font><\/p><\/p>\n\n\n\n<p><p style=\"font-weight: normal; line-height: 100%; margin-bottom: 0in\"><font face=\"Arial, sans-serif\">Ich begleite dich!<\/font> <\/p><p style=\"line-height: 100%; margin-bottom: 0in\"><\/p><p style=\"line-height: 100%; margin-bottom: 0in\"><\/p><p style=\"line-height: 100%; margin-bottom: 0in\"><\/p><\/p>\n<\/div><\/div>\n\n\n\n<p class=\"has-medium-font-size\">Ich arbeite mit Farben, Formen, ausgesuchten Materialien und meiner Intuition.<\/p>\n\n\n\n<p class=\"has-medium-font-size\">Kreativit\u00e4t bl\u00fcht auf, wenn wir uns sicher f\u00fchlen und uns selber annehmen k\u00f6nnen so wie wir sind.<\/p>\n\n\n\n<p class=\"has-medium-font-size\">Menschen zu begleiten und zu st\u00e4rken liegt mir sehr am Herzen.<\/p>\n\n\n\n<p class=\"has-medium-font-size\">Ganzheitlichkeit, Spiritualit\u00e4t, das Leben aus einer gr\u00f6sseren Perspektive zu betrachten ist mir wichtig.<\/p>\n\n\n\n<p class=\"has-medium-font-size\">Ich bin fest davon \u00fcberzeugt, dass feine Dinge wie Farben, Klang, D\u00fcfte, Blumen und Kr\u00e4uter, Steine\u2026.ein inspirierendes Wort, ein L\u00e4cheln einen grossen Einfluss auf uns haben im t\u00e4glichen Leben und einen nachhaltigen Unterschied machen k\u00f6nnen, wenn wir dies auch leben k\u00f6nnen.<\/p>\n\n\n\n<p class=\"has-medium-font-size\">Gerne teile ich meine vielf\u00e4ltigen Erfahrungen mit dir.<\/p>\n\n\n\n<h2 class=\"wp-block-heading\"><strong>Bildung<\/strong><\/h2>\n\n\n\n<div class=\"wp-block-jetpack-markdown\"><ul>\n<li>Familienfrau, Mutter von zwei erwachsenen S\u00f6hnen<\/li>\n<li>Kauffrau<\/li>\n<li>IAC Z\u00fcrich, Gestaltungsp\u00e4dagogin Stufe 2<\/li>\n<li>IAC Z\u00fcrich, Erwachsenenbildung SVEB 1<\/li>\n<li>Gudrun Geyer, Wien Gestaltungskurse Filz nach dem Wabisabi Konzept und ZERO (minimal Art), kalligraphische Verfilzungen<\/li>\n<li>Schule f\u00fcr Gestaltung Bern, Porzellandesign<\/li>\n<li>Keramondo, Drehen auf der T\u00f6pferscheibe<\/li>\n<li>Lehmhuus, therapeutisches Arbeiten mit Ton<\/li>\n<li>BFF Bern Experimentelles Sticken<\/li>\n<li>Kurszentrum Ballenberg Weidenbau<\/li>\n<li>Christoph Aerni l\u00f6sungsfokussierte Kommunikation nach Steve de Shazer<\/li>\n<li>Andreas Knuf, Achtsamkeit als Haltung und Methode<\/li>\n<li>BFH Fachkurs Psychiatrie<\/li>\n<li>Beatrice Luder, Bern Farbausbildung Practitioner AURA-SOMA\u00ae<\/li>\n<\/ul>\n<\/div>\n","protected":false},"excerpt":{"rendered":"<p>Marianne Zwygart-Niederhauser Was will dein Herz? Ich begleite dich! Ich arbeite mit Farben, Formen, ausgesuchten Materialien und meiner Intuition. Kreativit\u00e4t bl\u00fcht auf, wenn wir uns sicher f\u00fchlen und uns selber annehmen k\u00f6nnen so wie wir sind. Menschen zu begleiten und zu st\u00e4rken liegt mir sehr am Herzen. Ganzheitlichkeit, Spiritualit\u00e4t, das Leben aus einer gr\u00f6sseren Perspektive &hellip; <a href=\"https:\/\/werkstattambach.ch\/wordpress2\/team\/\" class=\"more-link\"><span class=\"screen-reader-text\">\u00fcber mich<\/span> weiterlesen<\/a><\/p>\n","protected":false},"author":1,"featured_media":0,"parent":0,"menu_order":5,"comment_status":"closed","ping_status":"closed","template":"","meta":{"jetpack_post_was_ever_published":false,"footnotes":""},"jetpack_sharing_enabled":true,"jetpack_shortlink":"https:\/\/wp.me\/P86hdv-d","_links":{"self":[{"href":"https:\/\/werkstattambach.ch\/wordpress2\/wp-json\/wp\/v2\/pages\/13"}],"collection":[{"href":"https:\/\/werkstattambach.ch\/wordpress2\/wp-json\/wp\/v2\/pages"}],"about":[{"href":"https:\/\/werkstattambach.ch\/wordpress2\/wp-json\/wp\/v2\/types\/page"}],"author":[{"embeddable":true,"href":"https:\/\/werkstattambach.ch\/wordpress2\/wp-json\/wp\/v2\/users\/1"}],"replies":[{"embeddable":true,"href":"https:\/\/werkstattambach.ch\/wordpress2\/wp-json\/wp\/v2\/comments?post=13"}],"version-history":[{"count":46,"href":"https:\/\/werkstattambach.ch\/wordpress2\/wp-json\/wp\/v2\/pages\/13\/revisions"}],"predecessor-version":[{"id":815,"href":"https:\/\/werkstattambach.ch\/wordpress2\/wp-json\/wp\/v2\/pages\/13\/revisions\/815"}],"wp:attachment":[{"href":"https:\/\/werkstattambach.ch\/wordpress2\/wp-json\/wp\/v2\/media?parent=13"}],"curies":[{"name":"wp","href":"https:\/\/api.w.org\/{rel}","templated":true}]}}

über mich

<div class="wp-block-media-text is-stacked-on-mobile"><figure class="wp-block-media-text__media"><img decoding="async" loading="lazy" width="768" height="1024" src="https://werkstattambach.ch/wordpress2/wp-content/uploads/2024/03/marianne-768x1024.jpg" alt="" class="wp-image-811 size-full" srcset="https://werkstattambach.ch/wordpress2/wp-content/uploads/2024/03/marianne-768x1024.jpg 768w, https://werkstattambach.ch/wordpress2/wp-content/uploads/2024/03/marianne-225x300.jpg 225w, https://werkstattambach.ch/wordpress2/wp-content/uploads/2024/03/marianne.jpg 886w" sizes="(max-width: 768px) 100vw, 768px" /></figure><div class="wp-block-media-text__content">
<p> <style type="text/css">p { line-height: 115%; margin-bottom: 0.1in; background: transparent }</style><p style="font-weight: normal; line-height: 100%; margin-bottom: 0in"><font face="Arial, sans-serif"><strong>Marianne Zwygart-Niederhauser</strong></font></p></p>



<p><p style="font-weight: normal; line-height: 100%; margin-bottom: 0in"><font face="Arial, sans-serif">Was will dein Herz? </font></p></p>



<p><p style="font-weight: normal; line-height: 100%; margin-bottom: 0in"><font face="Arial, sans-serif">Ich begleite dich!</font> </p><p style="line-height: 100%; margin-bottom: 0in"></p><p style="line-height: 100%; margin-bottom: 0in"></p><p style="line-height: 100%; margin-bottom: 0in"></p></p>
</div></div>



<p class="has-medium-font-size">Ich arbeite mit Farben, Formen, ausgesuchten Materialien und meiner Intuition.</p>



<p class="has-medium-font-size">Kreativität blüht auf, wenn wir uns sicher fühlen und uns selber annehmen können so wie wir sind.</p>



<p class="has-medium-font-size">Menschen zu begleiten und zu stärken liegt mir sehr am Herzen.</p>



<p class="has-medium-font-size">Ganzheitlichkeit, Spiritualität, das Leben aus einer grösseren Perspektive zu betrachten ist mir wichtig.</p>



<p class="has-medium-font-size">Ich bin fest davon überzeugt, dass feine Dinge wie Farben, Klang, Düfte, Blumen und Kräuter, Steine….ein inspirierendes Wort, ein Lächeln einen grossen Einfluss auf uns haben im täglichen Leben und einen nachhaltigen Unterschied machen können, wenn wir dies auch leben können.</p>



<p class="has-medium-font-size">Gerne teile ich meine vielfältigen Erfahrungen mit dir.</p>



<h2 class="wp-block-heading"><strong>Bildung</strong></h2>



<div class="wp-block-jetpack-markdown"><ul>
<li>Familienfrau, Mutter von zwei erwachsenen Söhnen</li>
<li>Kauffrau</li>
<li>IAC Zürich, Gestaltungspädagogin Stufe 2</li>
<li>IAC Zürich, Erwachsenenbildung SVEB 1</li>
<li>Gudrun Geyer, Wien Gestaltungskurse Filz nach dem Wabisabi Konzept und ZERO (minimal Art), kalligraphische Verfilzungen</li>
<li>Schule für Gestaltung Bern, Porzellandesign</li>
<li>Keramondo, Drehen auf der Töpferscheibe</li>
<li>Lehmhuus, therapeutisches Arbeiten mit Ton</li>
<li>BFF Bern Experimentelles Sticken</li>
<li>Kurszentrum Ballenberg Weidenbau</li>
<li>Christoph Aerni lösungsfokussierte Kommunikation nach Steve de Shazer</li>
<li>Andreas Knuf, Achtsamkeit als Haltung und Methode</li>
<li>BFH Fachkurs Psychiatrie</li>
<li>Beatrice Luder, Bern Farbausbildung Practitioner AURA-SOMA®</li>
</ul>
</div>

<p>Marianne Zwygart-Niederhauser Was will dein Herz? Ich begleite dich! Ich arbeite mit Farben, Formen, ausgesuchten Materialien und meiner Intuition. Kreativität blüht auf, wenn wir uns sicher fühlen und uns selber annehmen können so wie wir sind. Menschen zu begleiten und zu stärken liegt mir sehr am Herzen. Ganzheitlichkeit, Spiritualität, das Leben aus einer grösseren Perspektive &hellip; <a href="https://werkstattambach.ch/wordpress2/team/" class="more-link"><span class="screen-reader-text">über mich</span> weiterlesen</a></p>
