{"id":668,"date":"2018-01-12T14:10:37","date_gmt":"2018-01-12T14:10:37","guid":{"rendered":"http:\/\/werkstattambach.ch\/?page_id=668"},"modified":"2018-01-31T11:43:17","modified_gmt":"2018-01-31T11:43:17","slug":"workshops","status":"publish","type":"page","link":"https:\/\/werkstattambach.ch\/wordpress2\/workshops\/","title":{"rendered":"Workshops"},"content":{"rendered":"<p>Meine sinnlichen Workshops<\/p>\n<p>Sollen n\u00e4hrend sein und dich ein St\u00fcck n\u00e4her zu dir selber f\u00fchren. Hier kannst du den Alltag hinter dir lassen und findest in einer kleinen Gruppe gen\u00fcgend Anregung um dich inspirieren zu lassen und zwar mit allen Sinnen.<\/p>\n<p>Gestaltung ist mir wichtig. Wenn sie in die Tiefe geht, dann ist sie heilsam und das wunderbare Gef\u00fchl der Verbundenheit von K\u00f6rper, Geist und Seele kann sich wohlig in dir ausbreiten.<\/p>\n<p>Gestalten bildet. Du lernst neue Techniken und bist gefordert dich auf etwas Neues einzulassen.<\/p>\n<p>Daf\u00fcr schaffe ich gerne Raum. Raum indem es dir wohl ist und du dich entfalten kannst und deine sch\u00f6pferischen Kr\u00e4fte aktiv werden k\u00f6nnen.<\/p>\n<p>Mit sch\u00f6nen, interessanten und ausgesuchten Materialien zu arbeiten regt unsere Sinne aber auch unsere Experimentierfreundigkeit an und schenkt uns neue Ideen. \u00a0Dadurch wirst du von innen nach aussen vitalisiert<\/p>\n","protected":false},"excerpt":{"rendered":"<p>Meine sinnlichen Workshops Sollen n\u00e4hrend sein und dich ein St\u00fcck n\u00e4her zu dir selber f\u00fchren. Hier kannst du den Alltag hinter dir lassen und findest in einer kleinen Gruppe gen\u00fcgend Anregung um dich inspirieren zu lassen und zwar mit allen Sinnen. Gestaltung ist mir wichtig. Wenn sie in die Tiefe geht, dann ist sie heilsam &hellip; <a href=\"https:\/\/werkstattambach.ch\/wordpress2\/workshops\/\" class=\"more-link\"><span class=\"screen-reader-text\">Workshops<\/span> weiterlesen<\/a><\/p>\n","protected":false},"author":2,"featured_media":0,"parent":0,"menu_order":0,"comment_status":"closed","ping_status":"closed","template":"","meta":{"jetpack_post_was_ever_published":false,"footnotes":""},"jetpack_sharing_enabled":true,"jetpack_shortlink":"https:\/\/wp.me\/P86hdv-aM","_links":{"self":[{"href":"https:\/\/werkstattambach.ch\/wordpress2\/wp-json\/wp\/v2\/pages\/668"}],"collection":[{"href":"https:\/\/werkstattambach.ch\/wordpress2\/wp-json\/wp\/v2\/pages"}],"about":[{"href":"https:\/\/werkstattambach.ch\/wordpress2\/wp-json\/wp\/v2\/types\/page"}],"author":[{"embeddable":true,"href":"https:\/\/werkstattambach.ch\/wordpress2\/wp-json\/wp\/v2\/users\/2"}],"replies":[{"embeddable":true,"href":"https:\/\/werkstattambach.ch\/wordpress2\/wp-json\/wp\/v2\/comments?post=668"}],"version-history":[{"count":9,"href":"https:\/\/werkstattambach.ch\/wordpress2\/wp-json\/wp\/v2\/pages\/668\/revisions"}],"predecessor-version":[{"id":745,"href":"https:\/\/werkstattambach.ch\/wordpress2\/wp-json\/wp\/v2\/pages\/668\/revisions\/745"}],"wp:attachment":[{"href":"https:\/\/werkstattambach.ch\/wordpress2\/wp-json\/wp\/v2\/media?parent=668"}],"curies":[{"name":"wp","href":"https:\/\/api.w.org\/{rel}","templated":true}]}}

<p>Meine sinnlichen Workshops</p>
<p>Sollen nährend sein und dich ein Stück näher zu dir selber führen. Hier kannst du den Alltag hinter dir lassen und findest in einer kleinen Gruppe genügend Anregung um dich inspirieren zu lassen und zwar mit allen Sinnen.</p>
<p>Gestaltung ist mir wichtig. Wenn sie in die Tiefe geht, dann ist sie heilsam und das wunderbare Gefühl der Verbundenheit von Körper, Geist und Seele kann sich wohlig in dir ausbreiten.</p>
<p>Gestalten bildet. Du lernst neue Techniken und bist gefordert dich auf etwas Neues einzulassen.</p>
<p>Dafür schaffe ich gerne Raum. Raum indem es dir wohl ist und du dich entfalten kannst und deine schöpferischen Kräfte aktiv werden können.</p>
<p>Mit schönen, interessanten und ausgesuchten Materialien zu arbeiten regt unsere Sinne aber auch unsere Experimentierfreundigkeit an und schenkt uns neue Ideen.  Dadurch wirst du von innen nach aussen vitalisiert</p>

<p>Meine sinnlichen Workshops Sollen nährend sein und dich ein Stück näher zu dir selber führen. Hier kannst du den Alltag hinter dir lassen und findest in einer kleinen Gruppe genügend Anregung um dich inspirieren zu lassen und zwar mit allen Sinnen. Gestaltung ist mir wichtig. Wenn sie in die Tiefe geht, dann ist sie heilsam &hellip; <a href="https://werkstattambach.ch/wordpress2/workshops/" class="more-link"><span class="screen-reader-text">Workshops</span> weiterlesen</a></p>
