{"id":816,"date":"2024-03-13T20:33:04","date_gmt":"2024-03-13T20:33:04","guid":{"rendered":"https:\/\/werkstattambach.ch\/wordpress2\/?page_id=816"},"modified":"2024-03-13T20:48:30","modified_gmt":"2024-03-13T20:48:30","slug":"aura-soma","status":"publish","type":"page","link":"https:\/\/werkstattambach.ch\/wordpress2\/aura-soma\/","title":{"rendered":"AURA-SOMA\u00ae"},"content":{"rendered":"\n<figure class=\"wp-block-gallery has-nested-images columns-default is-cropped wp-block-gallery-1 is-layout-flex wp-block-gallery-is-layout-flex\">\n<figure class=\"wp-block-image size-large\"><img decoding=\"async\" loading=\"lazy\" width=\"1024\" height=\"682\" data-id=\"817\" src=\"https:\/\/werkstattambach.ch\/wordpress2\/wp-content\/uploads\/2024\/03\/Thyme-flowers-1024x682.jpg\" alt=\"\" class=\"wp-image-817\" srcset=\"https:\/\/werkstattambach.ch\/wordpress2\/wp-content\/uploads\/2024\/03\/Thyme-flowers-1024x682.jpg 1024w, https:\/\/werkstattambach.ch\/wordpress2\/wp-content\/uploads\/2024\/03\/Thyme-flowers-300x200.jpg 300w, https:\/\/werkstattambach.ch\/wordpress2\/wp-content\/uploads\/2024\/03\/Thyme-flowers-768x512.jpg 768w, https:\/\/werkstattambach.ch\/wordpress2\/wp-content\/uploads\/2024\/03\/Thyme-flowers-1536x1024.jpg 1536w, https:\/\/werkstattambach.ch\/wordpress2\/wp-content\/uploads\/2024\/03\/Thyme-flowers.jpg 2000w\" sizes=\"(max-width: 1024px) 100vw, 1024px\" \/><\/figure>\n\n\n\n<figure class=\"wp-block-image size-large\"><img decoding=\"async\" loading=\"lazy\" width=\"1024\" height=\"725\" data-id=\"819\" src=\"https:\/\/werkstattambach.ch\/wordpress2\/wp-content\/uploads\/2024\/03\/Aura-Soma-Bottles-Blue-1024x725.jpg\" alt=\"\" class=\"wp-image-819\" srcset=\"https:\/\/werkstattambach.ch\/wordpress2\/wp-content\/uploads\/2024\/03\/Aura-Soma-Bottles-Blue-1024x725.jpg 1024w, https:\/\/werkstattambach.ch\/wordpress2\/wp-content\/uploads\/2024\/03\/Aura-Soma-Bottles-Blue-300x213.jpg 300w, https:\/\/werkstattambach.ch\/wordpress2\/wp-content\/uploads\/2024\/03\/Aura-Soma-Bottles-Blue-768x544.jpg 768w, https:\/\/werkstattambach.ch\/wordpress2\/wp-content\/uploads\/2024\/03\/Aura-Soma-Bottles-Blue-1536x1088.jpg 1536w, https:\/\/werkstattambach.ch\/wordpress2\/wp-content\/uploads\/2024\/03\/Aura-Soma-Bottles-Blue-2048x1451.jpg 2048w\" sizes=\"(max-width: 1024px) 100vw, 1024px\" \/><\/figure>\n\n\n\n<figure class=\"wp-block-image size-large\"><img decoding=\"async\" loading=\"lazy\" width=\"1024\" height=\"682\" data-id=\"818\" src=\"https:\/\/werkstattambach.ch\/wordpress2\/wp-content\/uploads\/2024\/03\/Amethyst-1024x682.jpg\" alt=\"\" class=\"wp-image-818\" srcset=\"https:\/\/werkstattambach.ch\/wordpress2\/wp-content\/uploads\/2024\/03\/Amethyst-1024x682.jpg 1024w, https:\/\/werkstattambach.ch\/wordpress2\/wp-content\/uploads\/2024\/03\/Amethyst-300x200.jpg 300w, https:\/\/werkstattambach.ch\/wordpress2\/wp-content\/uploads\/2024\/03\/Amethyst-768x512.jpg 768w, https:\/\/werkstattambach.ch\/wordpress2\/wp-content\/uploads\/2024\/03\/Amethyst-1536x1024.jpg 1536w, https:\/\/werkstattambach.ch\/wordpress2\/wp-content\/uploads\/2024\/03\/Amethyst.jpg 2000w\" sizes=\"(max-width: 1024px) 100vw, 1024px\" \/><\/figure>\n<\/figure>\n\n\n\n<p>Ein Farbsystem f\u00fcr Erwachsene und Kinder.<\/p>\n\n\n\n<p>Ein wunderbares Tool f\u00fcr unsere ganzheitliche Entwicklung.<\/p>\n\n\n\n<p>Die ersten Produkte entstanden durch die geistige F\u00fchrung von Vicky Wall, einer englischen Pharmazeutin.<\/p>\n\n\n\n<p>Das Herzst\u00fcck des Systems sind die 123 ein- und 2farbigen Equilibrium Flaschen. Der Inhalt dieser Flaschen ist ein ausgewogenes Zusammenspiel von Farben, sorgsam ausgew\u00e4hlten Blumen und Kr\u00e4utern (Demeter Standard) heilsamen Edelsteinenergien und exquisiten D\u00fcften. Das Wissen der Aromatherapie, der Kr\u00e4uterkunde und der Farbtherapie spielt in einer wunderbaren Weise zusammen.<\/p>\n\n\n\n<p>Richtig abgestimmt wirkt AURA SOMA nicht nur unterst\u00fctzend f\u00fcr die innere Ausgeglichenheit sondern auch als tiefe Prozessbegleitung unserer (Farb)Themen.<\/p>\n\n\n\n<p><strong>Wie wirkt AURA-SOMA\u00ae<\/strong><\/p>\n\n\n\n<p>Von Aussen nach Innen und dann von Innen nach aussen.<\/p>\n\n\n\n<p>Die Equilibrium\u00f6le werden auf die Haut aufgetragen und kommen so im K\u00f6rper ins lymphatische System und in den Organismus. So verm\u00f6gen sie auf einer physischen und energetischen Ebene zu wirken.<\/p>\n","protected":false},"excerpt":{"rendered":"<p>Ein Farbsystem f\u00fcr Erwachsene und Kinder. Ein wunderbares Tool f\u00fcr unsere ganzheitliche Entwicklung. Die ersten Produkte entstanden durch die geistige F\u00fchrung von Vicky Wall, einer englischen Pharmazeutin. Das Herzst\u00fcck des Systems sind die 123 ein- und 2farbigen Equilibrium Flaschen. Der Inhalt dieser Flaschen ist ein ausgewogenes Zusammenspiel von Farben, sorgsam ausgew\u00e4hlten Blumen und Kr\u00e4utern (Demeter &hellip; <a href=\"https:\/\/werkstattambach.ch\/wordpress2\/aura-soma\/\" class=\"more-link\"><span class=\"screen-reader-text\">AURA-SOMA\u00ae<\/span> weiterlesen<\/a><\/p>\n","protected":false},"author":1,"featured_media":0,"parent":0,"menu_order":0,"comment_status":"closed","ping_status":"closed","template":"","meta":{"jetpack_post_was_ever_published":false,"footnotes":""},"jetpack_sharing_enabled":true,"jetpack_shortlink":"https:\/\/wp.me\/P86hdv-da","_links":{"self":[{"href":"https:\/\/werkstattambach.ch\/wordpress2\/wp-json\/wp\/v2\/pages\/816"}],"collection":[{"href":"https:\/\/werkstattambach.ch\/wordpress2\/wp-json\/wp\/v2\/pages"}],"about":[{"href":"https:\/\/werkstattambach.ch\/wordpress2\/wp-json\/wp\/v2\/types\/page"}],"author":[{"embeddable":true,"href":"https:\/\/werkstattambach.ch\/wordpress2\/wp-json\/wp\/v2\/users\/1"}],"replies":[{"embeddable":true,"href":"https:\/\/werkstattambach.ch\/wordpress2\/wp-json\/wp\/v2\/comments?post=816"}],"version-history":[{"count":2,"href":"https:\/\/werkstattambach.ch\/wordpress2\/wp-json\/wp\/v2\/pages\/816\/revisions"}],"predecessor-version":[{"id":831,"href":"https:\/\/werkstattambach.ch\/wordpress2\/wp-json\/wp\/v2\/pages\/816\/revisions\/831"}],"wp:attachment":[{"href":"https:\/\/werkstattambach.ch\/wordpress2\/wp-json\/wp\/v2\/media?parent=816"}],"curies":[{"name":"wp","href":"https:\/\/api.w.org\/{rel}","templated":true}]}}

<figure class="wp-block-gallery has-nested-images columns-default is-cropped wp-block-gallery-1 is-layout-flex wp-block-gallery-is-layout-flex">
<figure class="wp-block-image size-large"><img decoding="async" loading="lazy" width="1024" height="682" data-id="817" src="https://werkstattambach.ch/wordpress2/wp-content/uploads/2024/03/Thyme-flowers-1024x682.jpg" alt="" class="wp-image-817" srcset="https://werkstattambach.ch/wordpress2/wp-content/uploads/2024/03/Thyme-flowers-1024x682.jpg 1024w, https://werkstattambach.ch/wordpress2/wp-content/uploads/2024/03/Thyme-flowers-300x200.jpg 300w, https://werkstattambach.ch/wordpress2/wp-content/uploads/2024/03/Thyme-flowers-768x512.jpg 768w, https://werkstattambach.ch/wordpress2/wp-content/uploads/2024/03/Thyme-flowers-1536x1024.jpg 1536w, https://werkstattambach.ch/wordpress2/wp-content/uploads/2024/03/Thyme-flowers.jpg 2000w" sizes="(max-width: 1024px) 100vw, 1024px" /></figure>



<figure class="wp-block-image size-large"><img decoding="async" loading="lazy" width="1024" height="725" data-id="819" src="https://werkstattambach.ch/wordpress2/wp-content/uploads/2024/03/Aura-Soma-Bottles-Blue-1024x725.jpg" alt="" class="wp-image-819" srcset="https://werkstattambach.ch/wordpress2/wp-content/uploads/2024/03/Aura-Soma-Bottles-Blue-1024x725.jpg 1024w, https://werkstattambach.ch/wordpress2/wp-content/uploads/2024/03/Aura-Soma-Bottles-Blue-300x213.jpg 300w, https://werkstattambach.ch/wordpress2/wp-content/uploads/2024/03/Aura-Soma-Bottles-Blue-768x544.jpg 768w, https://werkstattambach.ch/wordpress2/wp-content/uploads/2024/03/Aura-Soma-Bottles-Blue-1536x1088.jpg 1536w, https://werkstattambach.ch/wordpress2/wp-content/uploads/2024/03/Aura-Soma-Bottles-Blue-2048x1451.jpg 2048w" sizes="(max-width: 1024px) 100vw, 1024px" /></figure>



<figure class="wp-block-image size-large"><img decoding="async" loading="lazy" width="1024" height="682" data-id="818" src="https://werkstattambach.ch/wordpress2/wp-content/uploads/2024/03/Amethyst-1024x682.jpg" alt="" class="wp-image-818" srcset="https://werkstattambach.ch/wordpress2/wp-content/uploads/2024/03/Amethyst-1024x682.jpg 1024w, https://werkstattambach.ch/wordpress2/wp-content/uploads/2024/03/Amethyst-300x200.jpg 300w, https://werkstattambach.ch/wordpress2/wp-content/uploads/2024/03/Amethyst-768x512.jpg 768w, https://werkstattambach.ch/wordpress2/wp-content/uploads/2024/03/Amethyst-1536x1024.jpg 1536w, https://werkstattambach.ch/wordpress2/wp-content/uploads/2024/03/Amethyst.jpg 2000w" sizes="(max-width: 1024px) 100vw, 1024px" /></figure>
</figure>



<p>Ein Farbsystem für Erwachsene und Kinder.</p>



<p>Ein wunderbares Tool für unsere ganzheitliche Entwicklung.</p>



<p>Die ersten Produkte entstanden durch die geistige Führung von Vicky Wall, einer englischen Pharmazeutin.</p>



<p>Das Herzstück des Systems sind die 123 ein- und 2farbigen Equilibrium Flaschen. Der Inhalt dieser Flaschen ist ein ausgewogenes Zusammenspiel von Farben, sorgsam ausgewählten Blumen und Kräutern (Demeter Standard) heilsamen Edelsteinenergien und exquisiten Düften. Das Wissen der Aromatherapie, der Kräuterkunde und der Farbtherapie spielt in einer wunderbaren Weise zusammen.</p>



<p>Richtig abgestimmt wirkt AURA SOMA nicht nur unterstützend für die innere Ausgeglichenheit sondern auch als tiefe Prozessbegleitung unserer (Farb)Themen.</p>



<p><strong>Wie wirkt AURA-SOMA®</strong></p>



<p>Von Aussen nach Innen und dann von Innen nach aussen.</p>



<p>Die Equilibriumöle werden auf die Haut aufgetragen und kommen so im Körper ins lymphatische System und in den Organismus. So vermögen sie auf einer physischen und energetischen Ebene zu wirken.</p>

<p>Ein Farbsystem für Erwachsene und Kinder. Ein wunderbares Tool für unsere ganzheitliche Entwicklung. Die ersten Produkte entstanden durch die geistige Führung von Vicky Wall, einer englischen Pharmazeutin. Das Herzstück des Systems sind die 123 ein- und 2farbigen Equilibrium Flaschen. Der Inhalt dieser Flaschen ist ein ausgewogenes Zusammenspiel von Farben, sorgsam ausgewählten Blumen und Kräutern (Demeter &hellip; <a href="https://werkstattambach.ch/wordpress2/aura-soma/" class="more-link"><span class="screen-reader-text">AURA-SOMA®</span> weiterlesen</a></p>
