{"id":821,"date":"2024-03-13T20:36:39","date_gmt":"2024-03-13T20:36:39","guid":{"rendered":"https:\/\/werkstattambach.ch\/wordpress2\/?page_id=821"},"modified":"2024-03-13T20:36:39","modified_gmt":"2024-03-13T20:36:39","slug":"farbgespraeche","status":"publish","type":"page","link":"https:\/\/werkstattambach.ch\/wordpress2\/farbgespraeche\/","title":{"rendered":"Farbgespr\u00e4che"},"content":{"rendered":"\n<figure class=\"wp-block-image size-large is-resized\"><img decoding=\"async\" loading=\"lazy\" width=\"1024\" height=\"455\" src=\"https:\/\/werkstattambach.ch\/wordpress2\/wp-content\/uploads\/2024\/03\/Aura-Soma-Bottles-Purple-1024x455.jpg\" alt=\"\" class=\"wp-image-822\" style=\"aspect-ratio:2.250562640660165;width:691px;height:auto\" srcset=\"https:\/\/werkstattambach.ch\/wordpress2\/wp-content\/uploads\/2024\/03\/Aura-Soma-Bottles-Purple-1024x455.jpg 1024w, https:\/\/werkstattambach.ch\/wordpress2\/wp-content\/uploads\/2024\/03\/Aura-Soma-Bottles-Purple-300x133.jpg 300w, https:\/\/werkstattambach.ch\/wordpress2\/wp-content\/uploads\/2024\/03\/Aura-Soma-Bottles-Purple-768x341.jpg 768w, https:\/\/werkstattambach.ch\/wordpress2\/wp-content\/uploads\/2024\/03\/Aura-Soma-Bottles-Purple-1536x682.jpg 1536w, https:\/\/werkstattambach.ch\/wordpress2\/wp-content\/uploads\/2024\/03\/Aura-Soma-Bottles-Purple-2048x910.jpg 2048w\" sizes=\"(max-width: 1024px) 100vw, 1024px\" \/><\/figure>\n\n\n\n<div class=\"wp-block-jetpack-markdown\"><p>Am Anfang steht die vier Flaschenwahl. Die Flaschen die wir w\u00e4hlen spiegeln unseren aktuellen Bewusstseinszustand. Diese Flaschen sind die Basis f\u00fcr die Farbgespr\u00e4che.<\/p>\n<p>Da alle Informationen \u00fcber uns selbst in den Tiefen unseres Wesens gespeichert sind, hat jeder Mensch die F\u00e4higkeit, intuitiv die Farbkombinationen zu w\u00e4hlen, die sein Grundpotential widerspiegelt. Wir w\u00e4hlen die Farben die wir brauchen. Wir werden Gemeinsam werden wir durch deine Farbwahl reisen und uns \u00fcber die Themen austauschen die aufkommen. Meine Rolle wird eine \u00dcbersetzende sein. Sie ermutigt dich in tiefere Schichten einzutauchen und dich durch die jeweilige Farbschwingungsaussage deutlicher wahrzunehmen.<\/p>\n<p>In allen Farbgespr\u00e4chen geht es darum dein Potential und deinen inneren Raum zu unterst\u00fctzen.<\/p>\n<ul>\n<li>Kurzberatung 20 Min. CHF 30.\u2013<\/li>\n<li>Beratung 90 Min. CHF 120.\u2013<\/li>\n<\/ul>\n<p>Ein Farbgespr\u00e4ch dauert f\u00fcr Erwachsene 60-90 Minuten, f\u00fcr Kinder altersentsprechend k\u00fcrzer.<\/p>\n<p>Meine Leistungen werden nach der Sitzung bar oder per TWINT bezahlt.<\/p>\n<\/div>\n","protected":false},"excerpt":{"rendered":"","protected":false},"author":1,"featured_media":0,"parent":0,"menu_order":0,"comment_status":"closed","ping_status":"closed","template":"","meta":{"jetpack_post_was_ever_published":false,"footnotes":""},"jetpack_sharing_enabled":true,"jetpack_shortlink":"https:\/\/wp.me\/P86hdv-df","_links":{"self":[{"href":"https:\/\/werkstattambach.ch\/wordpress2\/wp-json\/wp\/v2\/pages\/821"}],"collection":[{"href":"https:\/\/werkstattambach.ch\/wordpress2\/wp-json\/wp\/v2\/pages"}],"about":[{"href":"https:\/\/werkstattambach.ch\/wordpress2\/wp-json\/wp\/v2\/types\/page"}],"author":[{"embeddable":true,"href":"https:\/\/werkstattambach.ch\/wordpress2\/wp-json\/wp\/v2\/users\/1"}],"replies":[{"embeddable":true,"href":"https:\/\/werkstattambach.ch\/wordpress2\/wp-json\/wp\/v2\/comments?post=821"}],"version-history":[{"count":1,"href":"https:\/\/werkstattambach.ch\/wordpress2\/wp-json\/wp\/v2\/pages\/821\/revisions"}],"predecessor-version":[{"id":823,"href":"https:\/\/werkstattambach.ch\/wordpress2\/wp-json\/wp\/v2\/pages\/821\/revisions\/823"}],"wp:attachment":[{"href":"https:\/\/werkstattambach.ch\/wordpress2\/wp-json\/wp\/v2\/media?parent=821"}],"curies":[{"name":"wp","href":"https:\/\/api.w.org\/{rel}","templated":true}]}}

Farbgespräche

<figure class="wp-block-image size-large is-resized"><img decoding="async" loading="lazy" width="1024" height="455" src="https://werkstattambach.ch/wordpress2/wp-content/uploads/2024/03/Aura-Soma-Bottles-Purple-1024x455.jpg" alt="" class="wp-image-822" style="aspect-ratio:2.250562640660165;width:691px;height:auto" srcset="https://werkstattambach.ch/wordpress2/wp-content/uploads/2024/03/Aura-Soma-Bottles-Purple-1024x455.jpg 1024w, https://werkstattambach.ch/wordpress2/wp-content/uploads/2024/03/Aura-Soma-Bottles-Purple-300x133.jpg 300w, https://werkstattambach.ch/wordpress2/wp-content/uploads/2024/03/Aura-Soma-Bottles-Purple-768x341.jpg 768w, https://werkstattambach.ch/wordpress2/wp-content/uploads/2024/03/Aura-Soma-Bottles-Purple-1536x682.jpg 1536w, https://werkstattambach.ch/wordpress2/wp-content/uploads/2024/03/Aura-Soma-Bottles-Purple-2048x910.jpg 2048w" sizes="(max-width: 1024px) 100vw, 1024px" /></figure>



<div class="wp-block-jetpack-markdown"><p>Am Anfang steht die vier Flaschenwahl. Die Flaschen die wir wählen spiegeln unseren aktuellen Bewusstseinszustand. Diese Flaschen sind die Basis für die Farbgespräche.</p>
<p>Da alle Informationen über uns selbst in den Tiefen unseres Wesens gespeichert sind, hat jeder Mensch die Fähigkeit, intuitiv die Farbkombinationen zu wählen, die sein Grundpotential widerspiegelt. Wir wählen die Farben die wir brauchen. Wir werden Gemeinsam werden wir durch deine Farbwahl reisen und uns über die Themen austauschen die aufkommen. Meine Rolle wird eine Übersetzende sein. Sie ermutigt dich in tiefere Schichten einzutauchen und dich durch die jeweilige Farbschwingungsaussage deutlicher wahrzunehmen.</p>
<p>In allen Farbgesprächen geht es darum dein Potential und deinen inneren Raum zu unterstützen.</p>
<ul>
<li>Kurzberatung 20 Min. CHF 30.–</li>
<li>Beratung 90 Min. CHF 120.–</li>
</ul>
<p>Ein Farbgespräch dauert für Erwachsene 60-90 Minuten, für Kinder altersentsprechend kürzer.</p>
<p>Meine Leistungen werden nach der Sitzung bar oder per TWINT bezahlt.</p>
</div>
